by (q/6)/(1/3)?
4
Suppose 4*c - 6 = -3*f, -12 = -4*f + c + 15. Suppose 5 - 49 = -4*b. What is the remainder when b is divided by f?
5
Let d be (-1 - 0)/(2/(-24)). Suppose -q - 3*q + 16 = -4*i, 2*i + d = 4*q. Calculate the remainder when q is divided by ((-1)/2)/((-6)/12).
0
What is the remainder when 2 + (-8)/52 + (-2452)/(-52) is divided by 25?
24
Suppose 3*j + 3*d - 21 = 0, 4*j - 2*j + 4*d = 8. Suppose -x = -2*x + j. Calculate the remainder when x is divided by 3.
1
Let l(u) = u**3 + 7*u**2 - 8*u + 3. Let d be l(-8). Suppose 5*n = 2*j - 5 - 10, -9 = d*j + 3*n. What is the remainder when 8 is divided by (0 + -3 - j)*-1?
2
Let y(o) = 3*o - 1. What is the remainder when 3 is divided by y(1)?
1
Suppose -34 = -5*v - a, 1 = 2*v - 2*a - 3. Suppose v*d = d + 190. What is the remainder when d is divided by 13?
12
Let k(m) = -m**3 - 6*m**2 + 8*m + 11. Let o be k(-8). Let g = o - 43. What is the remainder when g is divided by 17?
15
Let v = 11 + 2. Calculate the remainder when 120/18*30/8 is divided by v.
12
Let u(c) = 3*c - 4. Let l be u(5). Let q = l + 2. Calculate the remainder when 8/(-12)*(222/4)/(-1) is divided by q.
11
Suppose 3 = -4*l - 17. Let m be (l - -4)/((-2)/4). Suppose m*j + 17 = 45. What is the remainder when 27 is divided by j?
13
Let t = 17 - 12. Let p = 18 + -10. Calculate the remainder when p is divided by t.
3
Suppose 5*v + 9 = 24. What is the remainder when v is divided by (9/(-6))/((-9)/12)?
1
Suppose 4*k + 4*y - 144 = 0, 7*y = 3*y - 16. What is the remainder when k is divided by 13?
1
Suppose -l - l = -10, -2*l = -w - 6. Suppose -p = -n + 5*n, -2*p - w*n + 8 = 0. What is the remainder when p is divided by 3?
2
Let w(h) = -h**2 + 7*h - 5. Let y be w(5). Suppose -y*s = -12 - 53. What is the remainder when 38 is divided by s?
12
Calculate the remainder when (0 + 1)*(15 + 4) is divided by 7.
5
Let x = 8 + -17. Let k = 65 + x. Suppose 5*u = -0*u + 95. Calculate the remainder when k is divided by u.
18
Let g be 18/(-81) - 2/(-9). Suppose g*h = -2*h + 2. Calculate the remainder when (h/(-2))/((-6)/276) is divided by 6.
5
Suppose u + 4*i + 0*i - 11 = 0, 5*u = 5*i + 105. Let x = -5 + 30. Suppose -4*o = o - x. Calculate the remainder when u is divided by o.
4
Let b(v) = -v**2 - 10*v + 9. Let j be b(-7). Suppose 6*m = m + j. What is the remainder when (1/(-1))/(5/(-75)) is divided by m?
3
Let l = 179 + -64. Calculate the remainder when l is divided by 39.
37
Suppose -2*k + 2*h + 19 = 3*h, -4*k + 43 = 3*h. Suppose -5*s + 3 + 17 = 0. What is the remainder when k is divided by s?
3
Suppose 5*x - 3135 = -6*x. Calculate the remainder when x is divided by 18.
15
Let d be 6/((-4)/(-1) - 2). Suppose 0 = -d*l - 13 + 37. What is the remainder when 29 is divided by l?
5
Let f(p) be the second derivative of -p**4/12 + 2*p**3 + 2*p**2 - 2*p. Calculate the remainder when f(11) is divided by 4.
3
Suppose 0 = -4*t + 242 + 2. Calculate the remainder when t is divided by 9.
7
Suppose -3*c - i + 133 = 0, 6*i = 3*i + 3. What is the remainder when c is divided by 17?
10
Let t(p) = -p**2 + 79. Calculate the remainder when t(0) is divided by 20.
19
Let k(w) = w**2 + 3*w + 3. What is the remainder when k(-6) is divided by 12?
9
Suppose -5*t - 5*b - 53 = -238, -2*t = 5*b - 71. Let a(c) be the first derivative of -3*c**2/2 - 2*c - 4. Calculate the remainder when t is divided by a(-5).
12
Let r(q) = -q**3 - 4*q**2 + 3*q - 3. Calculate the remainder when 19 is divided by r(-5).
5
Suppose 0 = 5*h + 13 - 58. Suppose -4*l + 7 = f, f - h = -2*l - 0*l. Let o(x) = -x**2 + 13*x - 15. Calculate the remainder when 13 is divided by o(f).
6
Suppose -41 = 2*n + 3*t, -5*n - t - 71 = -4*t. What is the remainder when 115 is divided by -4*4/n - -28?
28
Suppose -56 = 7*i - 161. Let v be -2 + (1 - 3) + 2. Let z(o) = -o**3. What is the remainder when i is divided by z(v)?
7
Let u = -16 + 41. Suppose 3*q = 2*l + 12 + 17, -l = -2*q + 18. Let n = 20 - q. What is the remainder when u is divided by n?
12
Suppose -4*o = -65 + 17. Calculate the remainder when 94 is divided by o.
10
Suppose 0 = 2*p - 5*t - 28, -3*t = -3*p + 32 + 1. Calculate the remainder when 24 is divided by p.
6
Let j(i) = i**2 + 14*i - 4. What is the remainder when j(-15) is divided by 6?
5
Suppose -5*y + y + 44 = 0. Suppose 3 - 6 = 3*b, 3*b - 17 = 2*w. Calculate the remainder when 306/10 + w/(-25) is divided by y.
9
Let m be (-358)/(-12) - (-4)/24. Suppose 16 = 2*a - m. Suppose -a + 5 = -o. What is the remainder when 35 is divided by o?
17
Suppose -2*x - 2*f + 14 = 0, 3*x + 10 = 3*f + 1. What is the remainder when 9 is divided by x?
1
Let c = 51 + -16. Calculate the remainder when c is divided by (-1)/(-3) - 35/(-3).
11
Let m(u) = u**3 + 8*u**2 + 8*u - 2. What is the remainder when 54 is divided by m(-4)?
24
Let c(b) = b**2 - 2*b - 3. Suppose -4*v = 2*w - 102, -2*w + 3*w - 72 = 5*v. Calculate the remainder when w is divided by c(5).
9
Let f(c) = 3*c + 2 + 4*c + 0 - 3. Let q be f(2). Let p = -8 + q. What is the remainder when 9 is divided by p?
4
Suppose 0*n + 5*n = 25. Let u be (0 + 0)/(0 - 2). Suppose 0 = -u*y + y - 8. What is the remainder when y is divided by n?
3
Suppose m + 2*v = 8, 0 = m - 4*m - 2*v + 40. Suppose -2*b = -66 + m. What is the remainder when 47 is divided by b?
22
What is the remainder when 61 is divided by 0 + 31/((-2)/(-2))?
30
Let z be 3 + -5 + (2 - 2). Calculate the remainder when (-33)/(2/(z*1)) is divided by 18/(-2 + 12/4).
15
Suppose -4*d + 36 = 4*r, -d = -10*r + 6*r + 46. Calculate the remainder when 62 is divided by r.
7
Let d(v) = 7*v + 7. Let g be d(-4). Let p = 40 + g. Let t(a) = -a**2 - 10*a + 11. Calculate the remainder when p is divided by t(-10).
8
Suppose -n = -3*n + 28. Suppose -2*f + 12 = -n. Calculate the remainder when 25 is divided by f.
12
Suppose 5*g = -m + 33, -5*m + m + 17 = -3*g. Let j(c) = 2*c - 4. Let k be j(-6). Calculate the remainder when -66*(-3 - k/6) is divided by m.
6
What is the remainder when 5 is divided by ((-2)/6)/((-4)/36)?
2
Let y(t) be the second derivative of t**3/6 + 105*t**2/2 - t. Let k be y(0). Suppose 0 = -5*z + k - 35. What is the remainder when z is divided by 5?
4
Let u(n) = -n**2 - 18 + 4*n - 21 + 37. What is the remainder when (-7)/(-2) + 1/(-2) is divided by u(3)?
0
Let c(r) = r**2 + r + 2. Suppose -2*x + 4*x - 6 = 0. Calculate the remainder when c(2) is divided by x.
2
Let p = -20 + 38. What is the remainder when p is divided by 7?
4
Suppose 3*h - 6 - 6 = 0, -4*a = -3*h - 152. Let m(v) = -v**3 + 5*v**2 - 1. What is the remainder when a is divided by m(4)?
11
Let x be ((-39)/6)/(3/6). Suppose -20 - 7 = -a. Let y = x + a. What is the remainder when 27 is divided by y?
13
Let i(f) = -30*f - 1. Let m be i(1). Let d = -4 - m. Calculate the remainder when d is divided by 7.
6
Calculate the remainder when (-3)/(3*(-2)/124) is divided by 16.
14
Let y(b) = 3*b**2 + 5*b + 3. Let u(t) = -t**2 + t + 1. Let q(h) = -2*u(h) - y(h). Let w = 20 - 1. What is the remainder when w is divided by q(-4)?
5
Let h be -6*(-1 + (-2)/(-3)). Suppose 5*v = 4*g - 5, -4*v - 5 = -3*g - h. Let y(p) = p + 18. Calculate the remainder when g is divided by y(-16).
1
Suppose 5*f - 52 = 3*y, -f - 89 + 21 = 5*y. Let q = 43 + y. Calculate the remainder when q is divided by 15.
14
Suppose 36 = 4*h - 0. Let p(f) = -f**2 + 16. Calculate the remainder when p(0) is divided by h.
7
Let z(l) be the second derivative of l**4/4 - l**2/2 - 2*l. Calculate the remainder when z(-2) is divided by 3.
2
Suppose s - 1 = -3*f, -5*f = s + 2 + 5. What is the remainder when s is divided by 7?
6
Let u(l) = l**2 + 8*l - 3. Suppose -3*z = -2*w - 0*w + 18, -4*w + 36 = -4*z. Calculate the remainder when u(-10) is divided by w.
8
Suppose -4*t - t + 85 = 0. What is the remainder when 32 is divided by t?
15
Let w = 36 - -3. Let k = 23 + -2. Calculate the remainder when w is divided by k.
18
Let n(c) = -7 - 6 - c + 26 + 25. What is the remainder when n(0) is divided by 13?
12
Suppose -19 = 3*d - 67. What is the remainder when (-3 + 2 + 0)*-30 is divided by d?
14
Let a(l) = l**3 + 14*l**2 - 15*l + 11. What is the remainder when 30 is divided by a(-15)?
8
Let a be 226/4 + (-6)/12. Suppose -2*h + 2 = -a. Suppose 0*r - 5*r + h = 4*j, -4*r = -5*j + 26. What is the remainder when j is divided by 2?
0
Let w = 46 + -36.